14477. Suppose 3*b + b = w. Let q = b - -122. Is q a composite number?
False
Suppose -5*m - 4*h + 30 = 0, 3*m = -3*h + 6*h - 9. Let t be (m + -8)*(-9)/(-18). Is (t - -188)/1 - -2 prime?
False
Suppose -3*q + 4604 = -5*q. Is q/(4 - 18/3) a prime number?
True
Let i = 31 + -315. Let q = 4323 + i. Is q a prime number?
False
Let p(n) = n**3 - 17*n**2 + 15*n + 8. Let r = -17 + 33. Let k be p(r). Is (-7258)/(-8) + 0 + 2/k composite?
False
Suppose 0 = -2*l + 2 + 6. Let g be (-8)/36 - 410/(-9)*l. Suppose 2*o - 9*o = -g. Is o prime?
False
Suppose 2*z - 2*y - 3*y + 15 = 0, -2*z + y = -5. Suppose 10 = 5*c - z. Is 125362/76*(c + -1) a composite number?
False
Let z = -5000 + 16569. Is z composite?
True
Suppose q + 4*d - 2 = 0, -q + 5*d = -3*q + 1. Let g = -1559 + -3516. Is q/(-8) - (3 - g/(-20)) a prime number?
True
Let p be -4*(-11 - (10 + -19)) - 7*1. Let v be 1/(1 - 2) + -2. Is p + v/6 - 1839/(-6) composite?
False
Suppose -4*y - 26083 = -4*t + 67365, -70046 = -3*t - 5*y. Is t a composite number?
False
Let m = -2023 - -2023. Suppose 0 = 5*z - 20, -3*n + 0*z = 3*z - 210. Suppose -4*p - n + 558 = m. Is p a prime number?
False
Suppose -704*i = -581*i - 2190507. Is i prime?
False
Suppose 0 = 2*f + f + 4566. Let l = -40 + 34. Is f/l - 9/(-27) prime?
False
Let u(j) = -3*j**3 - 8*j**2 - 5*j + 31. Let b(i) = 7*i**3 + 16*i**2 + 11*i - 62. Let f(q) = -2*b(q) - 5*u(q). Is f(-6) composite?
False
Is (-2669790)/(32 - 47)*(-1)/(-2) a composite number?
False
Let g be 365*25*(-5 - -4). Let p = g + -9405. Is ((-2 - 1)/6)/(5/p) prime?
False
Let a = 5239 + 9344. Suppose -a = -4*v + v. Is v prime?
True
Let w(v) = -232*v + 57. Let g(d) = -2*d + 1. Let k(l) = 6*g(l) + w(l). Is k(-16) a prime number?
True
Let y = -2 - -21. Suppose -7 + y = 4*t. Suppose t*f = 5*f - 758. Is f a composite number?
False
Suppose -2787193 = -5*a - p, -8*a + 6*a - 3*p + 1114872 = 0. Is a prime?
False
Let r = 81185 - -2502. Is r a prime number?
False
Suppose 0 = 13*m - 26 - 26. Suppose -m*j + 3*p + 22 = -0*j, -10 = 5*p. Suppose -408 = -j*k - 5*q, 83 = -3*k + 2*q + 366. Is k a prime number?
True
Let r(k) = 583*k - 382. Let l(o) = -292*o + 192. Let w(c) = -5*l(c) - 3*r(c). Is w(-29) prime?
False
Suppose -10 = 5*s, 4*l - 9 = -3*s - 7. Suppose b + 3*n = -n + 8149, -6 = -l*n. Is b a prime number?
False
Suppose 5*v - 754530 = 3*v - 4*a, -3*v - 5*a = -1131796. Is v prime?
False
Let h be (-1)/(-1 - (-12)/16). Suppose -g - h = -3*v - 15, v = 2*g - 12. Suppose -4*k - g*a = -0*a - 3618, 3622 = 4*k + 3*a. Is k prime?
True
Is 18/27*((-9711141)/110)/(4/(-20)) prime?
True
Let f = -5 - -7. Suppose 2*k - 6 = -f. Suppose 5*l + k*t = 963, -2*l + 6*l - 5*t - 744 = 0. Is l a composite number?
False
Let d(f) = 6448*f**2 - 19*f + 63. Let s be d(6). Is (s/(-21))/(-1) + (-8)/28 composite?
True
Suppose 11*k = -4*k - 3*k + 9416826. Is k a composite number?
True
Suppose 0*s = -s - 38. Let k be (163 - 12/(-4))*(-1)/(-2). Let x = k - s. Is x prime?
False
Suppose -31858 = -11*n - 6657. Is n prime?
False
Suppose u - 4*u + 64329 = -4*o, u - 21427 = -4*o. Suppose -9*m + u = 2*m. Is m a composite number?
False
Suppose -67320 = -2*z - 2*c + 41120, -2*z = 4*c - 108442. Suppose -7*b - 2*k + 43380 = -3*b, -z = -5*b - 4*k. Is b prime?
True
Let i(s) = 2*s**2 + 21*s - 30. Let q be ((-82)/(-4))/((-1)/4). Let z = -69 - q. Is i(z) prime?
False
Let x = 87825 - -7365. Is (-3)/(-7) - x/(-105) a prime number?
True
Let l(g) be the second derivative of -9*g**3 + 0 - 23/2*g**2 + 34*g. Is l(-15) a prime number?
True
Let w be 18/(-27) - (-23560)/6. Let s = -763 + w. Is s a prime number?
True
Let t(y) = -y**2 - 8*y + 26. Suppose 12*c - 40 = 17*c. Let d be t(c). Suppose d*j + 3802 = 28*j. Is j a composite number?
False
Is (0 + 9 - (-1296)/(-81)) + 108950 prime?
True
Let l be (0 - -3) + (1 - -1)*-191. Suppose 3*w + 5*q + 2299 = 0, -4*w - 2*q + 7*q - 3007 = 0. Let z = l - w. Is z a prime number?
True
Suppose 22*o = 13*o + 225. Suppose -5*a + o*h - 21*h = -2485, 2*a - 981 = -h. Is a a prime number?
False
Let o(d) = -2 - 20*d - 68*d - 93*d - 2. Let v(z) = -z**3 - 15*z**2 - 16*z - 30. Let h be v(-14). Is o(h) a prime number?
False
Suppose 24*a + 103*a - 149182319 = -120*a. Is a prime?
False
Let g be 5/((2 + -4)/(-2)). Let i = -317 - -317. Suppose -3*k - 2*u + 4*u + 4409 = 0, -3*k - g*u + 4423 = i. Is k composite?
False
Suppose 3*c = 137*j - 142*j + 7364798, -3*j = -2*c - 4418875. Is j composite?
False
Let u be 1*3/6*(-1 - -1). Suppose 0 = -4*x - 4*k + 8, k + u*k = 4*x - 8. Suppose 4*l + l = t + 3741, x*t - 1506 = -2*l. Is l composite?
True
Let c = 4511 - -6517. Let g be (c/16)/(6/40). Suppose -4*t = t - g. Is t a composite number?
False
Let y be ((-9)/(-9)*-46)/(2/3). Is ((-23)/y)/(2/15486) a composite number?
True
Let x = 1503127 - 80840. Is x a prime number?
True
Suppose t = -6 + 10. Let g be t - -1 - (-6 + 4). Suppose 0 = -g*y + 21*y - 4634. Is y a composite number?
False
Suppose m = 2*s + s + 845, -2*s - 578 = 3*m. Let h = 184 - s. Is h composite?
False
Is 20189688/120 + 2/(-5) prime?
True
Let u = 724 - 711. Let j(v) = 198*v**2 - 15*v + 20. Is j(u) a composite number?
False
Suppose 17894381 = 810*q - 617*q. Is q composite?
False
Suppose -96*d + 82*d = -28. Suppose -d*c + 245 + 717 = -4*r, 2*c = -r + 957. Is c a prime number?
True
Suppose -13*m = -14*m + 4893. Let g = m + 376. Is g a prime number?
False
Is (-352)/10032 + (-64574223)/(-171) a prime number?
False
Suppose -4*u + 4362 = -y - 33669, -9504 = -u + y. Let t = 15490 - u. Is t a prime number?
True
Let d be 5/(0 + 7/35). Let p(x) = 15*x + 22. Is p(d) prime?
True
Let j(y) = 2*y + 24. Let w be j(-11). Is 19*684 + -7 + w composite?
True
Let j be (1 - 3)*(-37 + 64). Is ((-6262)/3)/(36/j) a composite number?
True
Let s be 10/(-4 - 1)*-1. Suppose j + 6 = -3*g, 22 = 4*j + j + s*g. Let x(a) = 8*a**2 - 12*a - 7. Is x(j) a composite number?
True
Let c be (-4)/(-6)*(-2247)/6*-138. Suppose -c = -16*s + 6842. Is s composite?
True
Let g = -295 - -279. Is 2/((g/6998)/(-4)) a composite number?
False
Suppose 8*k = 3*k + 25. Suppose -k*t + 47773 = 4*q, -23889 = -2*q + 2*t - 5*t. Suppose 0 = -17*x + 14*x + q. Is x composite?
True
Let t(f) = 33476*f**2 - 12*f - 9. Is t(-2) a composite number?
False
Suppose 5*g - 23 = -o, -5*g + 2*g - 4*o + 24 = 0. Is 191*(-4 - (g - 9)) a prime number?
True
Let w = -5298 - -9402. Suppose -5*k + t = -w, -2*k - 2*t + 1154 = -490. Is k prime?
True
Suppose 47*i = 36*i + 99. Let b(q) = 3268*q + 73. Is b(i) a composite number?
True
Suppose 20*z = 2*z + 49050. Suppose -401 - z = -6*w. Is w a composite number?
False
Let s(p) be the first derivative of 48*p**3 + p - 865. Suppose -z + 6*z - 5 = 0. Is s(z) a composite number?
True
Suppose -z - 1277*c = -1272*c - 75089, 3*z = 2*c + 225233. Is z a prime number?
True
Suppose -3*n + 75722 = 21833. Suppose 0*p = 11*p - n. Is p composite?
True
Let r = -10050 - -4002. Let s = -3281 - r. Is s prime?
True
Let q be (1/3 - 1)/(6/(-369)). Suppose -q = 5*f - 56. Suppose 47 + 487 = f*d. Is d composite?
True
Is ((117588/9)/(-2))/(420/(-36) - -11) a prime number?
False
Suppose 5*n + 1 = 4*x + 12, 4*x + 2 = 2*n. Suppose -n*v = 1262 - 3668. Is v prime?
False
Let k(d) = 39722*d - 231. Is k(4) a prime number?
True
Let r = 69074 + -23115. Is r a prime number?
True
Let f(g) = 277*g**2 - g - 1. Let i(u) = -u**2 - 3*u + 3. Let w be i(-4). Let h be f(w). Suppose h = 12*a - 11*a. Is a prime?
True
Suppose 2*o - i = 3895, 5*o + 2*i - 1060 = 8691. Is o a composite number?
False
Suppose -22*h = 202332 - 975654. Is h a composite number?
True
Let y be 1026*1 - (-49 + 55). Suppose 0*p + p - 1585 = 0. Let c = y + p. Is c composite?
True
Let y(v) be the third derivative of -13*v**6/12 + v**5/30 + 5*v**4/12 + 3*v**3/2 + v**2 + 36. Is y(-1) prime?
True
Let z(j) = -3*j**2 - 15*j + 9. Let q be z(-5). Is 42692/6 + (-3)/q a composite number?
True
Suppose -5*j - 60 = -4*y - j, -3*y = 5*j - 53. Suppose -y*k = -11289 - 70903. Is k a prime number?
False
Let c = 219 + -217. Suppose -b + 0*a + 1411 = -4*a, -c*b = -a - 2801. Is b composite?
False
Suppose 14*d = 2701 - 531. Let s = -78 + d. Is s a composite number?
True
Suppose -2*l - 18*l = 280. Is 8*(-7)/l + 299 composite?
True
Let h = -10338 + 2768. Suppose 128*d - 98 = 142*d. Is d*(-10)/245 + h/(-14) composite?
False
Suppose 5*b + 53 = 78. Su